me number?
False
Suppose 4*t - 90010 = -2*o, -3*o - 71*t = -74*t - 135024. Is o prime?
True
Let n = -51204 + 86801. Is n a composite number?
False
Let z = 14160 + -7161. Suppose -z = -9*t + 6*t. Is t prime?
True
Let j(w) = 1380*w + 1721. Is j(75) a prime number?
False
Let v = -428795 - -610048. Is v a prime number?
True
Suppose 14*a = -5418 - 8414. Let o = 6355 - a. Is o a composite number?
True
Let d(l) = l**2 + 2*l + 7261. Let c(u) = -3*u**2 - 15*u - 12. Let w be c(-4). Is d(w) composite?
True
Suppose -9*v + 4825034 = 466487. Is v prime?
True
Let m = -172571 + 665182. Is m prime?
False
Suppose s + 3177 = -y, 0 = 5*s - 3*s + 2. Let b = y + 1577. Let a = -926 - b. Is a prime?
True
Let w be ((-1)/3)/((-9)/(-27)). Let u be ((-14)/(-49))/(w/(-7)). Suppose u*q + 0*m - 306 = 2*m, 3*q - 5*m - 467 = 0. Is q a prime number?
True
Let i be (45 + -48)*(0 - 5/3). Is (-1*(-1)/i)/((-17)/(-367795)) a prime number?
True
Suppose 3*a - 3890 = -2*m + 271139, 366667 = 4*a - 5*m. Is a prime?
True
Let n(o) = -o**3 + 4*o**2 + 2*o - 8. Let y be n(4). Let l be y/3 + 22 - 3. Suppose k - 168 = -l. Is k composite?
False
Let r(l) = 3*l**2 - 8*l + 4. Let f be r(9). Let t = 9 - 4. Suppose -t*c = -5*a + 1945, 2*a + f = c + 953. Is a a prime number?
True
Suppose -7*h - 9*h = 0. Suppose -5*y = -4*z + 17909, 0 = -h*z - 5*z - y + 22408. Is z prime?
True
Let k(q) = -1815*q - 16. Suppose -r + 5*r = o - 1, 3*o = -3*r - 42. Is k(o) composite?
False
Let j be (-5)/(-9 - -4)*(-3 + 2). Is 7249/(-4)*(-5 - j) a prime number?
False
Suppose 3741690 = 4*i + y, 0 = 12*y - 10*y + 4. Is i a prime number?
True
Let a = -6905 - -9972. Suppose -2*z + a = p, -6137 = -2*p - z - 4*z. Is p a prime number?
True
Suppose 5*p - 4*a - 20 = 9*p, 3*p + a + 5 = 0. Is p - -17522 - (13 + -12) a prime number?
False
Suppose 14*a - 4*a - 154400 = 0. Let g = 34057 - a. Is g prime?
True
Let l(z) = -12*z - 103. Let o(t) = -12*t - 105. Let b(k) = 5*l(k) - 6*o(k). Is b(-4) composite?
False
Suppose 3*k + 2*k - 489 = -4*o, 2*o = -3*k + 243. Is (o/30 + -4)/((-1)/(-67315)) prime?
True
Suppose 5449 = -2*t - 711. Let l = t - -6897. Is l a prime number?
False
Let u = 171 + -98. Suppose -u*x + 2588 = -69*x. Is x a composite number?
False
Suppose -103*o = -106*o + 12. Suppose -y - 1 = -o. Is 4/(-22) + (-9444)/(-33) + y composite?
True
Suppose 35*b + 27 + 8 = 0. Is ((1354/(-10))/b)/(33/3795) a composite number?
True
Suppose 0 = -27*n + 22*n + 102064 + 17691. Is n a composite number?
True
Suppose -2*k + 27 = 6*r - r, 3*k - 13 = -2*r. Let n(y) = 75*y**3 + 7*y**2 - 8*y + 17. Is n(r) a composite number?
True
Suppose -2*u + 5*j = -68434 - 52845, 0 = 3*u + 2*j - 181947. Is u a prime number?
True
Let k = 96 - 93. Is k*((-5426)/(-6) + 2) prime?
True
Suppose -220*x = 126*x - 296359034. Is x a prime number?
True
Let i(r) = 208*r**2 + 26*r + 5. Suppose 23*f = 414 - 161. Is i(f) a composite number?
True
Let x(o) be the third derivative of o**8/1680 - o**7/720 - 11*o**6/720 - 23*o**5/60 - 2*o**2 + o. Let z(c) be the third derivative of x(c). Is z(8) composite?
False
Let n be -1 - 4 - (-921 + (-2 - 5)). Let v(r) = -9*r**3 - r**2. Let a be v(4). Let b = a + n. Is b composite?
False
Suppose -31*i - 12*i = 123*i - 72442234. Is i prime?
True
Suppose -441292 = -w + 3*g, 6*w - w = -g + 2206572. Is w a composite number?
True
Suppose -3*i + 4*i = -2*b - 2158, 2*b - 8 = 0. Suppose -2*c - 1149 = -5*m, 4*m - c - 689 = m. Let y = m - i. Is y a prime number?
False
Let z(u) = u**2 + 3*u - 15. Let r be z(-5). Is (338 - r/(-5))/1 a composite number?
False
Let x = -21143 + 80394. Is x a prime number?
False
Suppose 35*b - 5*x = 36*b - 22192, 0 = -b + 2*x + 22171. Is b a prime number?
False
Let l = -105664 - -744047. Is l a composite number?
True
Let w(f) = -2*f + 4367 + 10*f**2 + 7*f**3 - 7*f**3 - 9*f**2 - f**3. Is w(0) a composite number?
True
Suppose 153*o - 143*o = -80. Is -1*(-1944 + (-13 - o)) a composite number?
False
Let u = 511885 + 349606. Is u composite?
False
Let k(h) = -h**2 - 23*h - 59. Let n be k(-20). Let q be (n + 1/(-2))*(-128)/(-16). Is -549*(-35)/91 + q/(-26) composite?
False
Let u(i) be the third derivative of -i**6/30 + i**5/12 - i**4/3 - 5*i**3/3 + 2*i**2 - 27. Let l be 1 - (16/2 - 2). Is u(l) a composite number?
True
Suppose 2*y = -3*t + 678758, -5*y = -279*t + 278*t - 1696861. Is y prime?
True
Suppose 4*x + u = 183791, -8*x + u = -11*x + 137842. Is x a composite number?
False
Let j(k) = -334*k + 5. Suppose 0 = -w - 4*s - 5 - 17, -w - 5*s = 27. Let m be j(w). Suppose 2*o + m = 3*o. Is o a composite number?
False
Let z(s) = -2*s - 16. Let n be z(-9). Suppose 5*d + 3*t - 11654 = 0, -4*t = -n*d - 2272 + 6944. Suppose 17*h - d = 13*h. Is h prime?
False
Suppose r + 27*p = 25*p + 115377, p + 346103 = 3*r. Is r composite?
True
Let i(r) = -3277*r + 2. Let v(m) = -m**2 + 7*m - 11. Let y be v(5). Is i(y) prime?
False
Suppose 5*a + 3*a = 18016. Suppose 20*i + a = 24*i. Is i a prime number?
True
Suppose 2 = 2*p, 0 = j - 2*p + 35 - 240. Suppose 0 = -d + 5, m = 2*d + 642 - j. Is m prime?
False
Let p = 84 - 94. Is (15/p)/((-3)/292) prime?
False
Is (-4 - 155450/(-3))*3 + (3 - 4) a composite number?
True
Let s(b) = b**3 - 16*b**2 + 5*b - 44. Let q be s(17). Suppose -i = 5*j - q - 388, 4*i - j - 2935 = 0. Is i prime?
True
Suppose 0 = -4*g - 3*c - 33, 45 = -4*g - c + 10. Is (-541)/2*(3 + g) a prime number?
False
Suppose 3358050 = 5*l + 5*f, -813*f - 21 = -816*f. Is l prime?
True
Is (-19055043)/(-931) - (-2)/(-7) a prime number?
False
Let v be (4/3)/(10/(-39345)). Let i = -2093 - v. Let b = i + -792. Is b composite?
True
Let y = -68360 + 187749. Is y a prime number?
True
Let y(u) = 8*u**3 - 14*u**2 + 3*u + 2. Suppose 2*j = 5*z + 9, -25 = 9*j - 13*j + 3*z. Is y(j) composite?
False
Suppose 0 = 4*y - 2*z + 20210, y + 5*z = 2*y + 5048. Let x = 7851 + y. Is x composite?
True
Let v = 205382 - 137904. Is v prime?
False
Let r be (-57)/((-2)/5 + (-11)/(-15)). Is (-6134238)/(-114) + 6/r*3 a composite number?
True
Suppose 0 = -244*m + 829110 - 111994. Is m a composite number?
False
Suppose 0 = -3*b - 47 + 146. Is (-53438)/b*(-9)/6 a prime number?
False
Let i = -24455 - -65821. Let n = i + -16863. Is n a composite number?
True
Suppose 0 = 2*y - 3*m + 5, 5*y - m - 4 = m. Suppose 5273 = 5*v + y*r + r, 4 = 4*r. Suppose 2*h + a - 218 = 203, 0 = -5*h - a + v. Is h prime?
True
Suppose -67*r = -1497357 + 559558. Is r a composite number?
False
Let w(v) = 565*v + 5. Suppose 4*h = -2*h + 24. Let d be w(h). Is d/9 + 14/(-21) composite?
False
Suppose 5*f - w + 241 = 3*f, 2*f - 2*w = -242. Let s = -616 - -407. Let r = f - s. Is r a composite number?
False
Let h = 81229 - 40952. Is h composite?
False
Let z be (30894/(-4))/3*(-71 + 69). Let k = 1334 + z. Is k a composite number?
True
Suppose -5*w - 2*l + 1647 = 0, 5*w + 142 - 1781 = -4*l. Is w a composite number?
False
Suppose -4*r = 3*l + 4, 5*l + 2*r = -2*r - 4. Let o = 170 + -170. Suppose o*m + 3*m - 8655 = l. Is m a prime number?
False
Suppose -4*g - 1 + 24 = -3*w, -3*w = 5*g - 49. Let p(j) = 2*j**3 - 3*j**2 - 3*j + 23. Is p(g) a composite number?
True
Let h(w) = -233*w**3 + 4*w**2 + 15*w - 3. Let a(z) = -2*z**2 - 2*z + 2. Let m be a(1). Is h(m) a prime number?
True
Is 1456341/7 + (-146)/(-511) composite?
False
Let g = -146 - -155. Suppose 3*a + 372 = 3*s, g*s - 4*s = 4*a + 623. Is s a prime number?
True
Let r = 809508 - -126179. Is r composite?
False
Let x(u) = 1382*u**3 - 5*u**2 + 77*u - 297. Is x(4) a prime number?
True
Let d be (336/(-7))/(-8) + 14401. Let x = d + -2352. Is x a prime number?
False
Let z = -13739 + 26324. Suppose -z = -24*j + 21*j. Is j prime?
False
Let l be -1 + (-3)/(-2)*768. Let s be ((-16)/1)/((-5)/((-35)/(-14))). Suppose 0 = -2*b - s, n + 344 = 4*b + l. Is n a composite number?
True
Let g(t) = t**3 + 6*t**2 + 4*t - 11. Let o be g(-4). Suppose s - 4*p = -7*p + 3847, 4*s - o*p - 15388 = 0. Is s composite?
False
Suppose -2*o + 165 = 4*l + 65, -2*o + 100 = l. Suppose 48*z - o*z = -52886. Is z composite?
True
Suppose 5*u - 23 = g, 0 = 5*u - 2*g - 14 - 12. Suppose -u*w = -17*w + 57317. Is w composite?
False
Let g = 105 - -14. Let w = g - -12. Is w prime?
True
Suppose 0 = -z + 14 - 69. Let j be (z + -2)*((-7)/(-3) - -2). Let r = j + 540. Is r a composite number?
False
Suppose -7*b = 7*b - 3959830. Is b a pri